lse
Is 15590631935 a composite number?
True
Is 740902553 a composite number?
True
Is 23013601453 a prime number?
True
Is 73250939639 a composite number?
False
Is 103698357617 a composite number?
True
Is 647988053 prime?
True
Is 624940969 composite?
False
Is 646227553 composite?
True
Is 38608208927 a composite number?
True
Is 1479276821 a prime number?
False
Is 55040947571 a composite number?
True
Is 35584246853 composite?
False
Is 52352996567 a composite number?
False
Is 15051503131 prime?
False
Is 19794684031 a prime number?
False
Is 18210981583 composite?
False
Is 4115688847 a composite number?
True
Is 1171832447 prime?
True
Is 39463083941 composite?
False
Is 4892405783 prime?
True
Is 2945554603 a prime number?
False
Is 22200179 a composite number?
False
Is 111530413229 prime?
False
Is 122856487 prime?
False
Is 1609079 prime?
True
Is 23501388343 composite?
False
Is 115538567987 prime?
False
Is 1411909643 a prime number?
False
Is 251718647601 prime?
False
Is 89550281261 prime?
False
Is 317202647 prime?
True
Is 3889778663 a prime number?
True
Is 32840072453 a composite number?
True
Is 1235717017 prime?
False
Is 100799655809 a composite number?
False
Is 89020741 a prime number?
False
Is 96505433657 a composite number?
True
Is 3968818001 a composite number?
False
Is 1919980819 prime?
True
Is 202863347 prime?
True
Is 6718205387 a prime number?
True
Is 435383357 a prime number?
False
Is 21898908103 composite?
False
Is 398053393 prime?
False
Is 6711543247 a composite number?
False
Is 2159793161 a prime number?
True
Is 2665460729 a composite number?
False
Is 1175029333 a composite number?
False
Is 34965375121 a prime number?
False
Is 3082368743 a composite number?
False
Is 21118405333 composite?
True
Is 3807551611 a prime number?
False
Is 39957359237 a composite number?
True
Is 193190718799 prime?
False
Is 11058736349 a prime number?
True
Is 1296531989 composite?
True
Is 4837512697 a prime number?
False
Is 41464802065 composite?
True
Is 18753753241 a prime number?
True
Is 89331493 composite?
False
Is 18605347406 a composite number?
True
Is 24113106317 a prime number?
False
Is 28974427003 a composite number?
True
Is 3374463247 a prime number?
False
Is 2275106389 a prime number?
True
Is 667701379 composite?
True
Is 239432581 a prime number?
False
Is 954624179 a prime number?
False
Is 2791434223 prime?
False
Is 2857088319 composite?
True
Is 14399459723 a prime number?
False
Is 3504851857 a composite number?
True
Is 54045631 composite?
False
Is 62379472201 a prime number?
True
Is 5058134479 prime?
False
Is 686563531 a composite number?
False
Is 22607747 a composite number?
False
Is 5143911761 a composite number?
False
Is 1520561843 prime?
False
Is 945817639 a composite number?
True
Is 18280339493 a composite number?
True
Is 8991534653 a composite number?
False
Is 300090496243 a prime number?
False
Is 18948192929 a prime number?
True
Is 4712774917 a composite number?
True
Is 27058733729 a composite number?
True
Is 437316422 a composite number?
True
Is 1974430453 prime?
True
Is 49648547237 a prime number?
True
Is 4243350127 composite?
True
Is 1741256863 composite?
True
Is 247056096713 a composite number?
False
Is 2411229917 composite?
False
Is 29982616217 a prime number?
True
Is 5239400951 a composite number?
False
Is 6489054283 composite?
True
Is 3799824157 a composite number?
True
Is 16003017553 a prime number?
True
Is 8000738503 prime?
True
Is 4369474531 composite?
False
Is 19818768521 prime?
False
Is 105978280579 a prime number?
False
Is 10425353699 composite?
False
Is 9796803077 prime?
True
Is 57731071237 composite?
True
Is 23643023927 prime?
False
Is 110807969 prime?
False
Is 1870383719 composite?
False
Is 258042739 a prime number?
True
Is 78699956189 prime?
True
Is 756670055 composite?
True
Is 4705970981 a prime number?
True
Is 1683316783 a composite number?
False
Is 40259169031 a prime number?
False
Is 29229004691 prime?
False
Is 234290719957 a composite number?
True
Is 8353078283 a composite number?
True
Is 2978046847 a composite number?
False
Is 2357695211 prime?
True
Is 2006928797 prime?
True
Is 75193333 a prime number?
False
Is 2915208269 a prime number?
False
Is 190022920795 a composite number?
True
Is 4813703229 a prime number?
False
Is 6221677757 a composite number?
False
Is 5696282483 composite?
True
Is 60873893867 prime?
False
Is 1116577507 a prime number?
True
Is 3408250003 prime?
True
Is 26602357 prime?
False
Is 22668136451 prime?
True
Is 68006021851 composite?
True
Is 12167404787 prime?
True
Is 653257337 a composite number?
True
Is 57466090231 composite?
True
Is 10337043979 a composite number?
True
Is 378225329 a composite number?
False
Is 39777691 composite?
False
Is 48785291839 a composite number?
False
Is 43973161811 a composite number?
False
Is 27835628851 a composite number?
False
Is 786691819 a prime number?
True
Is 9936309989 prime?
True
Is 2858362333 prime?
False
Is 16306801109 a prime number?
True
Is 8639349209 a composite number?
False
Is 264605903 prime?
True
Is 2329098901 a prime number?
False
Is 964765871 a composite number?
False
Is 55327842095 prime?
False
Is 19148194939 composite?
True
Is 984994823 prime?
False
Is 3350111231 a prime number?
True
Is 28230801677 prime?
False
Is 63515209789 a composite number?
True
Is 508075511 prime?
False
Is 49355135 a prime number?
False
Is 2081961929 composite?
True
Is 54531403 composite?
True
Is 83226347407 a prime number?
False
Is 94487537 a prime number?
True
Is 86318449319 composite?
False
Is 144377183 prime?
True
Is 17210371757 prime?
False
Is 21677016943 a prime number?
False
Is 2249586253 a composite number?
False
Is 447297841 prime?
False
Is 11349542549 prime?
True
Is 1429209157 a prime number?
True
Is 755364601 a composite number?
False
Is 11525314699 a prime number?
False
Is 4698781315 a composite number?
True
Is 146615065643 composite?
False
Is 489598073 composite?
True
Is 15316580971 a composite number?
False
Is 9851457901 prime?
False
Is 3212776649 a prime number?
False
Is 282994993 a prime number?
True
Is 130526793907 prime?
False
Is 720275302 a prime number?
False
Is 958163627 a composite number?
True
Is 10664960305 a prime number?
False
Is 154387543 prime?
False
Is 877669687 prime?
True
Is 190564897781 a prime number?
True
Is 2692111493 composite?
False
Is 7540307107 composite?
False
Is 27217780397 composite?
False
Is 68540111 prime?
True
Is 22545144827 composite?
False
Is 10456970857 prime?
True
Is 19970348309 a prime number?
True
Is 989030773 a composite number?
True
Is 344053271 a prime number?
False
Is 413235491 a prime number?
False
Is 5403876167 prime?
False
Is 2919848278 prime?
False
Is 9710199263 a prime number?
True
Is 9834192469 a prime number?
False
Is 98931300653 prime?
True
Is 293358091 a composite number?
True
Is 23280331 a prime number?
True
Is 95045426563 prime?
True
Is 4899133859 a prime number?
True
Is 1412861921 a composite number?
True
Is 9696798863 prime?
False
Is 4096459297 prime?
False
Is 3650330921 composite?
False
Is 3589122997 a prime number?
False
Is 2897084779 a prime number?
False
Is 65094199682 prime?
False
Is 2096091251 a prime number?
False
Is 292969979 composite?
True
Is 94311989 a composite number?
True
Is 1858785433 a composite number?
False
Is 132327245 a composite number?
True
Is 24690138985 a prime number?
False
Is 3934249741 prime?
False
Is 1583283109 composite?
False
Is 321960713 a prime number?
True
Is 481132151 a prime number?
True
Is 52440249749 prime?
True
Is 156025729 a composite number?
True
Is 13265960527 composite?
False
Is 688290037 a prime number?
True
Is 39009709 a prime number?
True
Is 502109557 a composite number?
False
Is 607535567 composite?
True
Is 11827899053 prime?
False
Is 1497936917 a prime number?
True
Is 5952052969 a prime number?
True
Is 27274360279 composite?
False
Is 13448755073 a prime number?
False
Is 876558469 composite?
True
Is 15509177599 composite?
False
Is 337409 prime?
False
Is 1421783477 a prime number?
True
Is 430968209 composite?
True
Is 68558363831 a prime number?
True
Is 995094566 prime?
False
Is 72318411146 composite?
True
Is 616498094 prime?
False
Is 74132309 a composite number?
True
Is 469823017 composite?
True
Is 718506731 a composite number?
False
Is 95305061779 prime?
True
Is 251547